2 + 75*r**2/2 + 99*r. Is n(26) a multiple of 12?
False
Let z(v) = v**3 - 4*v**2 - 8*v + 23. Let l be z(5). Let q(s) = 3*s**2 - 12*s + 19. Let g be q(l). Suppose 165 = 5*x - g. Is 41 a factor of x?
False
Let p = 52027 - 15842. Is 317 a factor of p?
False
Let u = -359 + 362. Suppose 6*z = -u + 117. Is z a multiple of 2?
False
Let s(x) = -x**2 + x + 5. Let a be s(0). Suppose -3*h + 4*h + a*z - 32 = 0, -h - z = -12. Suppose -h*u + 447 = -246. Is u a multiple of 9?
True
Let p be (1 - -1)/(-2)*0. Suppose -2*n = -3*l + 603 + 4, 5*n + 10 = p. Does 3 divide l?
True
Let o = 5361 - 2481. Is 80 a factor of o?
True
Let f(m) = 4*m**3 - 46*m**2 - 23*m + 15. Let z(h) = 3*h**3 - 44*h**2 - 25*h + 16. Let a(r) = 4*f(r) - 5*z(r). Is a(-35) a multiple of 5?
True
Let m be (-105)/(-30) - (36/8 + -3). Suppose 38 = -m*j + 192. Does 2 divide j?
False
Is 18 a factor of (-204)/17 - (-3 + -4113)?
True
Suppose 2*i = -i + 4*z + 13, 0 = -5*i + 4*z + 19. Let u be (114/(-8))/(i/(-16)). Suppose 7*g - 6*g = u. Does 19 divide g?
True
Suppose 19 = x - 4*d, -d = x - 3*d - 11. Let c be x + 0 + -21*2/(-6). Let h = -3 + c. Is h a multiple of 2?
False
Suppose -g = 4, 5*h + 949 = -4*g + 6213. Is h a multiple of 6?
True
Suppose 211*r = 430*r - 215*r - 2444. Is r a multiple of 53?
False
Let c be ((-4)/14)/(26/364). Let s = 140 - c. Does 72 divide s?
True
Let h = 36291 + -21557. Is 19 a factor of h?
False
Is 2 a factor of 0 - (-3)/15 - 97272/(-90)?
False
Let w(g) = g + 1. Let c(z) = -z + 2. Let i(s) = -c(s) - 6*w(s). Let b be i(-5). Let p(y) = y**2 - 13*y - 41. Is 4 a factor of p(b)?
False
Let u be 12*3*(-12)/(-36). Suppose -12*t - 3*t = -u*t. Suppose t = -2*c + 204 - 20. Is c a multiple of 31?
False
Let z = 16 - 7. Let j be (5/3)/(3/z). Suppose j*s = -2*g - g + 938, 2*s = -4*g + 364. Is 13 a factor of s?
False
Let o = 344 + -286. Let q = o - 24. Is q a multiple of 5?
False
Suppose 60 = -14*f + 4. Let q be (-2)/(32/(-116)) + (-3)/f. Is q/4 - (-1 + 508/(-4)) a multiple of 21?
False
Let s = 109 - -29. Suppose -s = -8*v + 598. Does 9 divide v?
False
Suppose -h + 2 = h - p, -p + 19 = 5*h. Suppose -3*q = -m + h*m, 14 = -4*m + q. Is (-6*2/(-10))/(m/(-70)) a multiple of 6?
False
Let n(b) = b**3 + 75*b**2 + 116*b + 54. Does 34 divide n(-73)?
True
Let w(f) = f**3 + 6*f**2 + 7*f + 12. Let r be w(-5). Let g(d) be the first derivative of 41*d**2/2 + 3. Does 9 divide g(r)?
False
Suppose 89*z - 91*z + 18996 = 5*n, -2*n + 5*z = -7639. Is 2 a factor of n?
True
Let a = -1125 - -652. Let v = 887 + a. Is v a multiple of 23?
True
Let z be (-28)/(-4) + -3 + 7 + -3. Suppose 368 = 5*o - 3*x, -5*x + 12 = -z. Does 65 divide o?
False
Let n(d) = 7*d - 13. Let t(k) = -21*k + 38. Let h(m) = -17*n(m) - 6*t(m). Does 13 divide h(14)?
True
Suppose -38*f + 39*f = 42. Suppose -35*t = -f*t + 3556. Does 36 divide t?
False
Let t = -69 - -97. Does 12 divide ((-795)/(-60) + 1 + 1)*t?
False
Suppose 94*w - 100*w + 1254 = 0. Let b = w - 88. Is 11 a factor of b?
True
Let z(t) = 550*t + 603. Does 32 divide z(1)?
False
Suppose -15 = -p + n - 3, -5*p + 44 = -n. Suppose 6235 - 2275 = p*s. Is s a multiple of 29?
False
Let t(m) = 212*m**2 - 350*m - 34. Is 82 a factor of t(-13)?
True
Let x = 576 - -1475. Suppose -10*b = -x - 609. Does 14 divide b?
True
Let l(a) = 115*a**2 + 6*a + 2. Let z be l(-6). Is 18 a factor of (-62)/12 - -5 - z/(-12)?
True
Let h = -54 + 76. Let p = -17 + h. Suppose p*o + 18 = 2*i, -i - 6*o = -o - 39. Is 8 a factor of i?
False
Suppose -10*q + 2*q = -24*q + 138432. Is 16 a factor of q?
False
Let a(w) = w**3 - 16*w**2 + 2*w + 43. Let s be a(9). Let t = s - -802. Is 37 a factor of t?
True
Suppose -122*s + 54423 = -52937. Is s a multiple of 10?
True
Let v(m) = m**2 + 14*m + 24. Let k be v(-12). Let s(p) = -23*p + 442. Is s(k) a multiple of 17?
True
Is 23313 + 10 + -28 + -23 a multiple of 17?
False
Suppose -93 = 3*z - 3. Let g be -2*(-1)/1 - 86. Let n = z - g. Does 18 divide n?
True
Let m(z) = -5*z**3 - 51*z**2 + 23*z + 93. Does 12 divide m(-15)?
True
Is 32 a factor of (13 + 243/(-18))*-15758?
False
Suppose 4*v - 12 = 4*a - 0*a, -a - 1 = 0. Suppose -v*j - y = 2, 3*y + 8 = 3*j - y. Suppose -6*m + 5*m + 46 = j. Is m a multiple of 23?
True
Suppose 15302*r - 15336*r + 296684 = 0. Is r a multiple of 30?
False
Suppose -3*o - 10 = -n - 0, n = 5*o + 12. Suppose 0 = -k + n*k - 12. Suppose k*g - 78 = -4*i + 4*g, i = 4*g + 23. Is 9 a factor of i?
False
Let c(a) be the first derivative of -69*a**4/2 - 3*a**2/2 - 2*a - 2. Let l = 1166 + -1167. Is 25 a factor of c(l)?
False
Suppose -509 = 2*i - 887. Is (6 + 1)*270/i a multiple of 2?
True
Let l be (-1)/((5 + -2)/(-15)). Suppose -167 = -3*t + 3*a + 436, -3*a - 405 = -2*t. Suppose l*h - 32 = t. Is h a multiple of 4?
False
Let l be (1296/14)/(30/700). Suppose -5*g + 21*g = l. Is 9 a factor of g?
True
Let l = -294 - -359. Suppose l*f = 52*f + 3562. Is 7 a factor of f?
False
Let q(m) = 110*m + 1400. Does 8 divide q(-12)?
True
Let n(t) be the second derivative of -t**5/20 - t**4/2 - t**3/6 + 7*t**2/2 - 10*t. Let d be n(-5). Does 10 divide (d - (-1 + -5))*10*-1?
True
Let z(l) = -12 + 38*l + l**3 - 82*l - 18*l**2 - 3*l**3. Does 24 divide z(-9)?
True
Suppose -4*f - 2*q - 60 = 0, 0 = 3*f - 2*f + q + 14. Let p(c) = -26*c - 26. Is 17 a factor of p(f)?
False
Let t(f) = -765*f - 78. Is 68 a factor of t(-3)?
False
Let l be 4 + (58/2)/1. Let f = l + -29. Suppose 5*v + 0 = -4*t + 7, 6 = f*v + 3*t. Is 2 a factor of v?
False
Suppose x - 39 + 28 = 0. Suppose 46 = 7*n + x. Suppose -2*o = 2*l - 42, -n*o + 5*l - l + 60 = 0. Is o even?
True
Suppose 225170 = 46*k - 0*k. Does 55 divide k?
True
Let n = 3520 - 2705. Is 2 a factor of n?
False
Suppose -8 = -a + 3*y + 5, a + 5*y + 11 = 0. Let d be 55 + (-6)/(-18)*33. Does 5 divide (a/(-6))/(11/d) + 89?
True
Suppose 5*a - 23 = -4*v, 0*a + 5*a - 11 = 2*v. Suppose v*c = -25 + 77. Suppose 0 = c*h - 33*h + 336. Is 26 a factor of h?
False
Let t(v) = -68*v**2 + 7*v - 4. Let y be t(2). Let p = y - -574. Is 18 a factor of p?
False
Let j(i) = -i**3 + 58*i**2 - 148*i - 70. Does 11 divide j(54)?
False
Let a = 799 - 67. Suppose -6*s + 4*s - 5*p = -381, a = 4*s + 4*p. Is 89 a factor of s?
True
Let u(p) = -p**3 + 7*p**2 + 5*p + 27. Let v be u(8). Suppose t + 206 = v*t. Is 14 a factor of t?
False
Let v = -24 + 30. Suppose -4*q = 3*c - 1001, v = 4*c + 26. Is 4 a factor of q?
False
Let p(z) = 91*z + 6250. Is p(98) a multiple of 12?
True
Let h(d) = 12*d**2 + 8*d - 32. Suppose 57 = -3*z + 72. Does 28 divide h(z)?
True
Let y be -7 + 21/(-15)*-5. Suppose y = -21*j + 7*j + 6580. Is j a multiple of 47?
True
Let p(a) = 6*a + 533. Let m(i) = -7*i - 21. Let c be m(-3). Does 13 divide p(c)?
True
Let q = -4 - 1. Let w be (-11 - -1)/(3 + q). Suppose -w*c + 6*c = 32. Does 9 divide c?
False
Let r = 3769 - 1071. Suppose -3*a - 2*z = -r, 5*a + 2*z = -0*z + 4498. Does 20 divide a?
True
Let f(b) = 99*b + 3157. Is 13 a factor of f(19)?
False
Let x(u) = 402*u + 3. Let c be x(1). Suppose -375 - c = -2*l. Is l a multiple of 30?
True
Let k = -833 + 1281. Let j = 237 + k. Is 33 a factor of j?
False
Suppose b = -7, -6*b + 4*b - 182724 = -5*c. Is 190 a factor of c?
False
Let v = -19 - -5. Let p(i) = -i**3 - 15*i**2 - 13*i + 16. Let a be p(v). Suppose 3*o - 231 = -0*o - a*g, -213 = -3*o + 4*g. Does 25 divide o?
True
Let a(u) = u + 16. Let s be a(-16). Suppose -4*l + 5*n + 45 = 0, -3*n + 5 = 4*l - s*n. Suppose g + 0*g - x - 44 = 0, 4*x - 220 = -l*g. Is g a multiple of 11?
True
Suppose 0 = -5*v - 0*x - 5*x - 65, -3*x = -v + 7. Let q(y) = -179*y**2 + 0*y + 181*y**2 + 14 - y. Is q(v) a multiple of 10?
True
Let a be 6 - 1255/(-55) - (-4)/22. Suppose -a*x = 27667 - 90771. Is x a multiple of 14?
False
Let o = -115 - 74. Let f = o + 339. Is f a multiple of 6?
True
Let g(i) = -22*i**3 + 3*i**2 - 3*i - 10. Let j = 118 - 120. Is g(j) a multiple of 23?
True
Let u = 429 - 725. Let d = 943 + u. Is 12 a factor of d?
False
Let c(n) = 384*n**2 - 359*n - 2417. Does 189 divide c(-7)?
False
Suppose -29 + 21 = -4*c. Suppose 12 = 2*j + c. Suppose 2*p - b = 3*b + 292, -b - 721 = -j*p. Is 16 a factor of p?
True
Let b(j) = 61*j**3 - 11*j**2 + 24*j + 4. Is b(3) a multiple of 58?
True
Suppose -3*x = 2*i - 16009, x = -4*i + 2080 + 3273. Is x a multiple of 44?
False
Let s(f) = -f**3 - f**2 + 4*f + 3. Let c be s(-3). Suppose -1281 - 249